 remainder when 7096467 is divided by 7517.
419
Calculate the remainder when 22618554 is divided by 85676.
90
What is the remainder when 12860 is divided by 1651?
1303
Calculate the remainder when 306772 is divided by 702.
700
What is the remainder when 14049730 is divided by 45031?
58
What is the remainder when 938677 is divided by 1418?
1379
What is the remainder when 169759 is divided by 41?
19
What is the remainder when 287614 is divided by 143491?
632
What is the remainder when 41767 is divided by 422?
411
Calculate the remainder when 31749892 is divided by 733.
730
Calculate the remainder when 5538 is divided by 1089.
93
What is the remainder when 212143207 is divided by 6061234?
17
What is the remainder when 43839733 is divided by 9?
4
Calculate the remainder when 1033833 is divided by 1033824.
9
Calculate the remainder when 21169985 is divided by 18017.
10
What is the remainder when 12343500 is divided by 412?
392
What is the remainder when 270145 is divided by 607?
30
What is the remainder when 2387385 is divided by 28?
21
Calculate the remainder when 1391666 is divided by 2165.
1736
What is the remainder when 496663 is divided by 26098?
801
What is the remainder when 142044057 is divided by 15782672?
9
What is the remainder when 5383 is divided by 1379?
1246
What is the remainder when 235341 is divided by 23531?
31
What is the remainder when 3499202 is divided by 29160?
2
What is the remainder when 2110306 is divided by 702?
94
What is the remainder when 30760611 is divided by 12?
3
What is the remainder when 173857 is divided by 2713?
225
Calculate the remainder when 72903 is divided by 1728.
327
Calculate the remainder when 429496 is divided by 57.
1
Calculate the remainder when 45092 is divided by 13.
8
What is the remainder when 70959 is divided by 7095?
9
What is the remainder when 56665 is divided by 3152?
3081
What is the remainder when 112998666 is divided by 5878?
5872
Calculate the remainder when 377613 is divided by 377509.
104
What is the remainder when 75212 is divided by 5908?
4316
What is the remainder when 1025354 is divided by 1025347?
7
Calculate the remainder when 15466233 is divided by 2022.
1977
What is the remainder when 11555241 is divided by 4985?
11
What is the remainder when 9643208 is divided by 586?
578
Calculate the remainder when 3118181 is divided by 1559076.
29
Calculate the remainder when 2780234 is divided by 17596.
66
What is the remainder when 126900 is divided by 1476?
1440
Calculate the remainder when 17781762 is divided by 839.
835
What is the remainder when 60273100 is divided by 941767?
12
Calculate the remainder when 13859 is divided by 232.
171
What is the remainder when 56981 is divided by 14099?
585
Calculate the remainder when 278721 is divided by 55741.
16
Calculate the remainder when 13424747 is divided by 89.
76
Calculate the remainder when 8336620 is divided by 241.
189
What is the remainder when 3902084 is divided by 236?
60
What is the remainder when 1087006703 is divided by 4016?
4015
What is the remainder when 2304565 is divided by 74339?
56
Calculate the remainder when 12829452 is divided by 33.
9
Calculate the remainder when 14288579 is divided by 316.
7
Calculate the remainder when 1854367 is divided by 100.
67
Calculate the remainder when 519656 is divided by 231.
137
Calculate the remainder when 19601003 is divided by 4900248.
11
What is the remainder when 142471475 is divided by 5095?
5085
Calculate the remainder when 792039 is divided by 533.
1
What is the remainder when 2481597 is divided by 1013?
760
Calculate the remainder when 30780563 is divided by 91.
86
What is the remainder when 2795075 is divided by 87344?
67
What is the remainder when 5847561 is divided by 974589?
27
What is the remainder when 5167605 is divided by 2583786?
33
Calculate the remainder when 11842800 is divided by 7.
4
Calculate the remainder when 1013134 is divided by 84309.
1426
What is the remainder when 2965955 is divided by 26017?
17
What is the remainder when 474389 is divided by 4792?
4773
What is the remainder when 1611760 is divided by 87?
85
Calculate the remainder when 118080 is divided by 5457.
3483
What is the remainder when 2511 is divided by 1234?
43
Calculate the remainder when 4779703553 is divided by 69.
68
What is the remainder when 8111378 is divided by 3?
2
What is the remainder when 35828025 is divided by 70251?
15
What is the remainder when 4623779 is divided by 1010?
1009
What is the remainder when 3078657 is divided by 12?
9
What is the remainder when 314261 is divided by 372?
293
Calculate the remainder when 287985853 is divided by 950.
3
What is the remainder when 55376109 is divided by 10217?
10186
Calculate the remainder when 5441945 is divided by 329.
285
What is the remainder when 27911107 is divided by 71?
13
Calculate the remainder when 307584 is divided by 307487.
97
Calculate the remainder when 33303 is divided by 136.
119
What is the remainder when 205428 is divided by 14668?
76
What is the remainder when 111682343 is divided by 965?
963
Calculate the remainder when 10638576 is divided by 45.
36
What is the remainder when 305152 is divided by 1222?
874
What is the remainder when 16187787 is divided by 250?
37
Calculate the remainder when 3778838 is divided by 377874.
98
What is the remainder when 669916 is divided by 137?
123
What is the remainder when 926639 is divided by 323?
275
Calculate the remainder when 115589 is divided by 57784.
21
What is the remainder when 241000 is divided by 26758?
178
Calculate the remainder when 2423792 is divided by 166.
26
What is the remainder when 26589 is divided by 146?
17
Calculate the remainder when 736911 is divided by 46034.
367
Calculate the remainder when 12741472 is divided by 3731.
107
Calculate the remainder when 20381346 is divided by 7912.
34
What is the remainder when 5437666 is divided by 2169?
2152
What is the remainder when 3806068 is divided by 10661?
91
What is the remainder when 2738780 is divided by 912821?
317
What is the remainder when 1771209 is divided by 114?
105
What is the remainder when 33989 is divided by 1250?
239
What is the remainder when 1104885 is divided by 13811?
5
What is the remainder when 17083433 is divided by 363477?
14
Calculate the remainder when 1955345 is divided by 1300.
145
Calculate the remainder when 980158 is divided by 31603.
465
Calculate the remainder when 3243165 is divided by 70503.
27
Calculate the remainder when 864464 is divided by 3459.
3173
What is the remainder when 405300 is divided by 1193?
873
What is the remainder when 545829 is divided by 138?
39
Calculate the remainder when 30998 is divided by 1370.
858
Calculate the remainder when 144171 is divided by 72005.
161
What is the remainder when 24246482 is divided by 15004?
18
What is the remainder when 5797999 is divided by 5334?
5275
What is the remainder when 17377815 is divided by 208?
39
Calculate the remainder when 87412422 is divided by 22.
20
What is the remainder when 14956851 is divided by 1065?
1056
What is the remainder when 987797 is divided by 83?
14
Calculate the remainder when 449276319 is divided by 40.
39
Calculate the remainder when 4745 is divided by 2730.
2015
What is the remainder when 1818917 is divided by 370?
367
Calculate the remainder when 27694 is divided by 1977.
16
Calculate the remainder when 146207573 is divided by 344.
5
What is the remainder when 20448 is divided by 601?
14
What is the remainder when 2118677274 is divided by 715?
714
What is the remainder when 4837484 is divided by 2269?
2245
What is the remainder when 11609540 is divided by 29?
28
What is the remainder when 16136436 is divided by 8068217?
2
What is the remainder when 107291 is divided by 2443?
2242
Calculate the remainder when 20124380 is divided by 65.
55
What is the remainder when 79489081 is divided by 1486?
1455
What is the remainder when 42348625 is divided by 4234862?
5
Calculate the remainder when 1210793 is divided by 44842.
59
Calculate the remainder when 46278590 is divided by 46.
14
Calculate the remainder when 150461 is divided by 14848.
1981
What is the remainder when 193893 is divided by 10771?
15
Calculate the remainder when 5229817 is divided by 87.
73
Calculate the remainder when 176477517 is di